-6))/(3/y). Let l = -8 - i. What is the units digit of l?
4
Let d(y) = -y**2 - 8*y + 9. What is the units digit of d(-8)?
9
Suppose 1 = 3*i - 2*i. Let z(p) = -i - p + 3 + 8. What is the units digit of z(7)?
3
Let x(d) = -d**2 + 12*d - 9. Let v be x(10). Let c = v - 6. Suppose -2*o - 6 = -c*a - 27, 4*o + 5*a = 27. What is the units digit of o?
8
Let o(c) = -c**2 - 7*c - 8. Let f be o(-6). Suppose 25 = 2*g - 5*p, g + 32 = 3*g + 2*p. What is the units digit of f + g/((-3)/(-1))?
3
Let f be ((-1)/2*-34)/1. Let p be (-4)/(12/27) + -2. Let d = f + p. What is the units digit of d?
6
Let y(j) = -2*j - 3 + j + 23. Let o be y(0). Suppose 2*n = -2*n + o. What is the units digit of n?
5
Suppose -2*l + 3 + 11 = 4*y, 4*l = -3*y + 8. Suppose y*p = 3*o + 23, 2*o - 4*o = p - 3. Suppose p*n = 6 - 1. What is the units digit of n?
1
Let k = 88 - 36. What is the tens digit of k?
5
Let p(x) be the first derivative of x**4 + 3. Let o be p(1). Suppose 3*s - o = 17. What is the units digit of s?
7
Let q(n) = 2*n**2 + 18*n - 4. What is the hundreds digit of q(-16)?
2
Suppose -12 = -2*u - 4. What is the units digit of u?
4
Let m = -45 + 75. What is the tens digit of m/3 - -3*1?
1
Let s = -13 + 21. Suppose -s - 17 = -5*p. Suppose -5*w - 4*f = -86, -3*w + 2*w - p*f = -34. What is the units digit of w?
4
Suppose o - 201 = -2*z + 258, -3*o + 2*z + 1361 = 0. What is the units digit of o?
5
Suppose 2*f - 22 - 26 = 0. Suppose 4*d + 0*d + 24 = g, g - f = 5*d. Suppose g = 5*w - 6. What is the units digit of w?
6
Let o(y) = y**3 + 5*y**2 + y - 1. Let s(a) = -a**3 - 4*a**2 - a + 1. Let z(f) = -4*o(f) - 5*s(f). What is the units digit of z(2)?
9
Suppose -8 = 4*o - 5*p, -1 - 3 = -4*o + 2*p. What is the units digit of o?
3
Let c = 54 + 10. What is the units digit of c?
4
Let o(r) = -r**3 - 4*r**2 + 12*r + 25. What is the tens digit of o(-6)?
2
Let b(m) = m**2 + 5*m - 9. Let h(i) = i**3 + 5 - 2*i**2 - 2*i**3 - i**2 + 7*i. Let o be h(-4). What is the units digit of b(o)?
5
Let q(u) = 9*u**3 - u**2 + 1. Let i be q(1). Let y be (1/1)/((-3)/i). Let f = y - -4. What is the units digit of f?
1
Let s = 109 - 61. What is the tens digit of s?
4
Let k(i) = 17*i + 4. Let x(w) = -w. Let m(q) = k(q) + 4*x(q). Let f be m(4). Suppose 4*y + 0*y = f. What is the tens digit of y?
1
Suppose 2*x - 256 = x + u, 0 = 4*x - 2*u - 1030. What is the hundreds digit of x?
2
Let t(g) = g**2 - g - 1. Let l be t(-2). Suppose -5*f - q = -l - 17, 4 = -f - 3*q. Suppose 4*w = 2*x - 24, f*x + 18 = 2*w + 78. What is the units digit of x?
2
Let f(x) = x + 19. What is the tens digit of f(15)?
3
Let n be 9/(-7) - 4/(-14). What is the units digit of (-2)/n*5/2?
5
Let x be (-4)/6*(-15)/5. What is the tens digit of -3 + (2 - (x + -40))?
3
Let a(m) = 6*m**2 + 11*m + 22. What is the units digit of a(-5)?
7
Let r(p) = p**3 - 4*p**2 + p + 2. Let n be r(4). Suppose -4 = -5*g + n. Suppose 0*j = -2*j + g. What is the units digit of j?
1
Let p = 2 + -1. Let z be (6/p - 1) + -2. Suppose 0 = 3*g - c - 17, -z - 11 = -2*g + 2*c. What is the units digit of g?
5
Suppose -f - 2 = -5*h + 4, 0 = -5*f + 3*h + 14. What is the units digit of f/((-2)/(-6)*3)?
4
Let s(j) = 9*j - 3. Let q be s(2). Suppose -5*t = -4*p + 67, p - q = 4*t + 10. What is the units digit of p?
3
Let w = -13 + 23. What is the tens digit of w?
1
Suppose 3*k - 8 = -104. Let v = 47 + k. What is the tens digit of v?
1
Let t be (1/(-2))/(1/14). Let h(q) = -q**3 - 7*q**2 - 2*q + 3. Let k be h(-7). Let d = t + k. What is the units digit of d?
0
Suppose 4*c = 4*l + 25 + 19, 2*c + l - 13 = 0. Let k = c - -4. What is the tens digit of k?
1
Suppose 5*v = -3*s + 4, -4*s - 2 - 12 = -3*v. Let o be (-6)/((1 - 5)/v). Suppose o*f - 4*f = -2*h + 14, 25 = h - 5*f. What is the units digit of h?
5
Let q(i) = -3*i - 7. What is the units digit of q(-4)?
5
Let y(x) = -x**2 + 9*x + 5. Let n be y(9). Suppose n*g + 10 = -0*g, 16 = 2*w - 2*g. What is the units digit of 58/w - (-3)/9?
0
Let j(y) = 3*y**2 - y - 1. Let z be j(-1). Suppose -z*a = 2*a - 20. Suppose -2*b - 25 = -a*t + 3, 4*t - 28 = -4*b. What is the units digit of t?
7
Let j(f) = -f**2 + 11*f + 12. What is the units digit of j(11)?
2
Let v(w) = -3*w. Let k be v(-1). Suppose -2*l = -5*l + k. What is the units digit of l?
1
Suppose -66 - 54 = -6*b. What is the tens digit of b?
2
Suppose 0 = 4*p - 0*p - 148. What is the units digit of p?
7
Let g be ((-8)/10)/(8/(-220)). Suppose -m - 4*r + g = -3, 42 = 3*m + r. What is the units digit of m?
3
Let j(c) be the third derivative of -c**4/24 + 5*c**3/6 - c**2. Let a be j(3). What is the units digit of (a/3)/((-1)/(-12))?
8
Suppose 0*s - 5*x - 40 = -s, -55 = -4*s - x. Suppose -u + 2*w - 1 = 0, 5*u + 2*w - 7*w = s. Let n = u - 0. What is the units digit of n?
7
Suppose -4*o + 108 = -212. What is the tens digit of o?
8
Let k = 44 - 65. What is the units digit of (-1 - -2)/((-3)/k)?
7
Let h(z) = z**2 + 15*z - 8. Let s be h(-13). Let p = -11 - s. What is the tens digit of p?
2
Let v = -5 - -16. Suppose 46 = 2*z + s + 3*s, -z + 2*s = -v. What is the units digit of z?
7
Let u(o) = o**3 + o + 23. Let q be u(0). Suppose q = -5*v - 2, 4*l + 4*v - 68 = 0. What is the tens digit of l?
2
Let p be ((-15)/(-2))/((-7)/(-14)). Suppose 1 = 2*b - 3*y + 4*y, 3*y = 3. Let v = p + b. What is the tens digit of v?
1
Let r(l) = -l - 8. Let p be r(-8). Suppose p = u + u - 56. What is the tens digit of 2/(-7) - (-316)/u?
1
Let w = -19 + 81. What is the tens digit of w?
6
Let l(d) = -2*d - 2. Let v be l(3). What is the units digit of v/44 + 180/22?
8
What is the tens digit of (-2)/(3 + -1) - -59?
5
Suppose 0*p + 3*p = 6. Let g(x) = 5*x + 1. What is the tens digit of g(p)?
1
What is the tens digit of (-3)/(-3) - 1*-15?
1
Let s = 6 + -12. What is the tens digit of (16 + -19)/(s/56)?
2
Suppose 5*u = -0*k - 2*k + 5, u = 4*k + 1. Suppose k*w = w + 2. What is the units digit of w/1 - (1 - 11)?
8
Let m be (39 + -2)*1 + -2. Suppose m - 13 = 2*n. Let a = -6 + n. What is the units digit of a?
5
Suppose -47 = z + 15. Let n(j) = j**2 - 7*j + 7. Let g be n(6). What is the units digit of z/(-8) - g/(-4)?
8
Let r(l) be the first derivative of l**4/4 - 13*l**3/3 + 13*l**2/2 - 5*l + 3. What is the units digit of r(12)?
7
Suppose -3*m - 2*l + 7 = -118, m - 3*l = 49. What is the tens digit of m?
4
Let l = 109 + 5. What is the units digit of l?
4
Let q(p) = -p**3 - 19*p**2 - p + 14. What is the units digit of q(-19)?
3
Let x = 12 - 7. Let f = -7 - -10. Suppose -2*d - 5*q + 20 = 0, -26 = -x*d + d - f*q. What is the units digit of d?
5
Let k = 17 - 11. Let t(f) = f**3 - 5*f**2 - 3*f + 6. What is the units digit of t(k)?
4
Suppose -2*n + 4*n = -2. Let d = n - -5. Suppose 2*f - d = -0. What is the units digit of f?
2
Let m be 2 + -14*(-2)/4. Suppose -q = -m - 5. What is the units digit of q?
4
Let i = -22 + 64. Suppose -3*v - i = -2*g, 2*v + g + 67 = -2*v. What is the units digit of (v/(-20))/(2/25)?
0
What is the units digit of (3 - (-122)/6)/(1/3)?
0
Let i be (-2 + 5)/(3/38). Let m be i/9 - (-10)/(-45). Suppose -y - 21 = -m*y. What is the units digit of y?
7
Suppose 5*x - 12 - 33 = 0. Let t(c) = c**3 - 9*c**2 + 3*c + 8. What is the units digit of t(x)?
5
Suppose 3*g - 50 = 2*g. What is the tens digit of g?
5
Let i = 2 - 1. Suppose 0 = 3*x - p + 15, 4*p = -5*x + x - 4. Let m = i - x. What is the units digit of m?
5
Let f be (-20)/(-6)*(-3 + 6). Let u be (f/6)/((-3)/(-54)). Suppose 1 = z - 4*m - 0, 4*z - 3*m - u = 0. What is the units digit of z?
9
Let j be (18/8)/(-3)*-4. Suppose 0 = -y - 5*r - j - 4, 8 = -4*r. Suppose -y*l + 10 + 11 = 0. What is the units digit of l?
7
Suppose 6 = 3*m - 6. Suppose 2*u = -m*g + 4, -5*u + 2*u = 4*g - 4. What is the units digit of g?
1
Let h = 143 - -17. What is the tens digit of h?
6
Let i(j) = j + 6. Let b be i(-6). Suppose -4*q + 24 - 4 = b. Let a = q - -6. What is the tens digit of a?
1
Let b(h) = -3*h - 10. Let p be (-38)/10 + 8/(-40). What is the units digit of b(p)?
2
Let n(u) be the third derivative of u**6/120 - u**5/30 - u**4/24 - u**3/3 - u**2. What is the units digit of n(3)?
4
Let z = 52 + -36. Suppose 2*p + 3*p - 4 = 4*f, -z = -p - 3*f. Let s(t) = t**3 - 3*t**2 - 3*t - 2. What is the units digit of s(p)?
2
Let m(j) = j. Let s(c) = -c. Let q(b) = 2*m(b) + 3*s(b). Suppose -9 = f - 3*d - 1, 2 = 2*d. Wh